test common factor of 560 and 4130?
70
What is the highest common factor of 798 and 182658?
42
What is the highest common factor of 1 and 65191?
1
What is the highest common factor of 801 and 12345279?
267
What is the highest common divisor of 5 and 4447865?
5
Calculate the highest common factor of 168 and 43896.
24
What is the highest common factor of 93 and 86459?
31
Calculate the greatest common divisor of 180 and 41550.
30
What is the highest common factor of 572785 and 291?
97
Calculate the highest common divisor of 3212 and 286.
22
Calculate the highest common divisor of 300 and 3084.
12
What is the greatest common factor of 9414 and 1278?
18
What is the greatest common factor of 42 and 844494?
42
What is the greatest common factor of 7182 and 14896?
266
What is the greatest common divisor of 28328 and 184?
8
What is the highest common factor of 10530 and 39390?
390
Calculate the greatest common factor of 35914 and 8.
2
What is the greatest common factor of 2200 and 1298?
22
What is the highest common divisor of 18 and 4986?
18
What is the greatest common factor of 7160 and 200?
40
What is the highest common divisor of 242 and 178?
2
What is the greatest common divisor of 200 and 4146500?
100
What is the greatest common factor of 1980 and 2670?
30
What is the greatest common divisor of 368320 and 800?
160
What is the greatest common divisor of 12274 and 912?
38
What is the greatest common divisor of 2177820 and 18?
18
What is the greatest common factor of 98716 and 4?
4
Calculate the highest common factor of 632 and 13240.
8
Calculate the highest common divisor of 100 and 39420.
20
What is the greatest common factor of 1089 and 66501?
9
Calculate the highest common divisor of 1224 and 1717.
17
Calculate the highest common factor of 3713 and 13351.
79
Calculate the greatest common factor of 6160 and 320760.
440
Calculate the highest common divisor of 140429 and 4279.
389
What is the highest common factor of 89433 and 456?
57
What is the highest common divisor of 168183 and 297?
27
Calculate the highest common factor of 23254 and 44.
22
What is the greatest common divisor of 732982 and 646?
38
Calculate the greatest common factor of 250300 and 100.
100
What is the greatest common divisor of 2787 and 26012?
929
Calculate the highest common factor of 135772 and 936.
52
Calculate the highest common divisor of 307934 and 528.
22
What is the highest common divisor of 16 and 1899?
1
Calculate the highest common factor of 150176 and 5408.
416
What is the greatest common factor of 23407 and 6408?
89
Calculate the greatest common factor of 33219 and 36.
9
What is the greatest common divisor of 9061 and 304343?
533
What is the highest common factor of 396 and 14832?
36
What is the greatest common factor of 2960 and 33448?
296
What is the greatest common divisor of 268845 and 15?
15
Calculate the highest common divisor of 40599 and 1467.
9
What is the greatest common factor of 2655 and 70033?
59
What is the highest common factor of 3 and 23766?
3
Calculate the highest common factor of 7 and 1857863.
7
What is the greatest common factor of 44 and 7359?
11
What is the greatest common divisor of 2922 and 2528504?
974
What is the highest common factor of 73743 and 30857?
523
What is the highest common divisor of 184 and 488?
8
Calculate the greatest common factor of 3528 and 64.
8
What is the highest common factor of 13458 and 54?
6
Calculate the highest common divisor of 25937 and 259.
37
Calculate the highest common divisor of 406 and 3860654.
406
Calculate the highest common divisor of 54735 and 9840.
615
What is the greatest common divisor of 132856 and 24?
8
Calculate the highest common divisor of 828 and 5428.
92
What is the highest common factor of 18 and 132363?
9
Calculate the highest common divisor of 1449 and 441.
63
Calculate the greatest common divisor of 176 and 500224.
16
Calculate the greatest common divisor of 11037 and 117.
39
What is the greatest common divisor of 5713 and 29?
29
Calculate the highest common factor of 5173 and 2711391.
739
Calculate the highest common factor of 2106 and 7209.
81
What is the greatest common factor of 2184 and 11298?
42
Calculate the highest common divisor of 647237 and 3809.
293
What is the greatest common divisor of 8339 and 2015?
31
What is the greatest common divisor of 809 and 20?
1
Calculate the greatest common divisor of 271628 and 1068.
356
What is the highest common factor of 138942 and 2490?
498
What is the greatest common factor of 1100 and 66550?
550
Calculate the highest common factor of 4250 and 39440.
170
Calculate the greatest common factor of 894 and 3468.
6
Calculate the highest common factor of 144 and 729396.
36
Calculate the highest common factor of 18 and 15777.
9
Calculate the greatest common divisor of 980 and 123676.
196
What is the greatest common factor of 31 and 5630716?
31
What is the highest common divisor of 24950 and 50?
50
Calculate the highest common factor of 1025 and 26225.
25
What is the highest common divisor of 39 and 33163?
13
Calculate the greatest common factor of 169679 and 58.
29
Calculate the highest common factor of 74 and 2604060.
74
Calculate the highest common factor of 684 and 1983.
3
Calculate the highest common divisor of 29205 and 891.
99
Calculate the greatest common factor of 121 and 80707.
121
Calculate the greatest common divisor of 2168794 and 18390.
1226
Calculate the highest common factor of 210 and 239043.
21
What is the highest common factor of 27 and 1068?
3
Calculate the highest common divisor of 1274 and 1937.
13
Calculate the greatest common factor of 17 and 21811.
17
Calculate the greatest common factor of 60931 and 2795.
559
What is the greatest common divisor of 6061312 and 1024?
256
Calculate the greatest common factor of 10324 and 928.
116
What is the highest common factor of 4734 and 240?
6
What is the highest common divisor of 138515 and 1690?
65
Calculate the greatest common divisor of 8 and 17912.
8
Calculate the greatest common factor of 3393 and 153.
9
Calculate the greatest common divisor of 2713235 and 35.
35
What is the greatest common divisor of 8225 and 135548?
329
What is the highest common divisor of 385 and 497?
7
Calculate the greatest common divisor of 62190 and 3240.
90
What is the greatest common factor of 1026 and 2185?
19
What is the greatest common factor of 49 and 1155469?
49
Calculate the greatest common factor of 30 and 1405.
5
Calculate the greatest common divisor of 162 and 70128.
18
Calculate the highest common divisor of 576 and 7866.
18
What is the greatest common divisor of 1197 and 53333?
133
What is the greatest common divisor of 4060 and 350?
70
Calculate the greatest common divisor of 8825 and 10943.
353
What is the greatest common factor of 760 and 2010?
10
Calculate the highest common factor of 72853 and 74.
37
Calculate the greatest common factor of 5075 and 56875.
175
Calculate the highest common divisor of 81 and 89289.
27
Calculate the highest common divisor of 42 and 769146.
42
Calculate the highest common factor of 1411 and 3901.
83
What is the highest common divisor of 68 and 24514?
34
Calculate the greatest common factor of 23672 and 17578.
22
Calculate the highest common factor of 779 and 5947.
19
Calculate the highest common factor of 1234 and 5794864.
1234
What is the greatest common factor of 215 and 11751255?
215
What is the greatest common divisor of 492 and 27564?
12
Calculate the highest common factor of 13561 and 284.
71
What is the greatest common divisor of 201627 and 774?
387
Calculate the greatest common divisor of 4368 and 9366.
42
What is the greatest common divisor of 332308 and 4?
4
What is the greatest common factor of 91 and 1085721?
91
Calculate the greatest common factor of 1068 and 270.
6
Calculate the greatest common factor of 1502 and 18.
2
Calculate the greatest common factor of 9695 and 133.
7
What is the highest common divisor of 3185 and 22519?
7
Calculate the greatest common factor of 2 and 6922.
2
Calculate the greatest common divisor of 31290 and 2058.
42
What is the highest common factor of 53 and 780955?
53
Calculate the highest common factor of 15000 and 1100.
100
Calculate the greatest common divisor of 68904 and 12474.
594
Calculate the greatest commo